{"id":4325,"date":"2025-10-02T23:40:35","date_gmt":"2025-10-02T23:40:35","guid":{"rendered":"https:\/\/perropolis.cl\/?post_type=product&#038;p=4325"},"modified":"2025-10-03T00:12:02","modified_gmt":"2025-10-03T00:12:02","slug":"nomade-gatos-adultos-10kg","status":"publish","type":"product","link":"https:\/\/perropolis.cl\/index.php\/product\/nomade-gatos-adultos-10kg\/","title":{"rendered":"N\u00d3MADE GATOS ADULTOS 10KG"},"content":{"rendered":"<p>N\u00f3made es un alimento para gatos adultos desarrollado por expertos en nutrici\u00f3n animal.<\/p>\n<p>Un alimento que excede los requerimientos nutricionales de gatos adultos, a\u00fan de las razas m\u00e1s exigentes, proporcionando una dieta sana y equilibrada para una vida plena, feliz y en movimiento.<\/p>\n<p>CONTENIDO NUTRICIONAL<br \/>\nProte\u00edna Min. 30%<br \/>\nGrasas. 12%<br \/>\nFibra Cruda Max. 3%<br \/>\nHumedad Max. 12%<br \/>\nEnerg\u00eda Metabolizable 3.700 Kcal\/Kg<\/p>\n<p>Ingredientes\tHarina de origen animal ave y cerdo; Ma\u00edz; Subproductos de trigo; Gluten de ma\u00edz; Arroz; Aceite ave\/cerdo; Harina de soya; Harina de pescado; Hidrolizado de h\u00edgado de ave; Huevo en polvo; Coseta de remolacha; Sal; Bisulfato de sodio; Colorantes naturales (caramelo, curcumina y\/o carm\u00edn); Zeolita; Aceite refinado de salm\u00f3n (fuente de Omega 3); Extracto de Yucca-Quillay; Taurina; Antif\u00fangico (mezcla de \u00e1cidos org\u00e1nicos); Antioxidante (BHA \u2013 BHT y \u00e1cido citrico); Metionina. Vitaminas: A; D3; E; K3; B1; B2; Niacina; \u00c1cido Pantot\u00e9nico; B6; B12; \u00c1cido F\u00f3lico; Cloruro de Colina. Minerales: Hierro; Manganeso; Cobre; Zinc y Selenio.<\/p>\n","protected":false},"excerpt":{"rendered":"<p>N\u00f3made es un alimento para gatos adultos desarrollado por expertos en nutrici\u00f3n animal. Un alimento que excede los requerimientos nutricionales de gatos adultos, a\u00fan de las razas m\u00e1s exigentes, proporcionando una dieta sana y equilibrada para una vida plena, feliz y en movimiento. CONTENIDO NUTRICIONAL Prote\u00edna Min. 30% Grasas. 12% Fibra Cruda Max. 3% Humedad [&hellip;]<\/p>\n","protected":false},"featured_media":4326,"comment_status":"open","ping_status":"closed","template":"","meta":[],"product_brand":[56],"product_cat":[30],"product_tag":[],"class_list":{"0":"post-4325","1":"product","2":"type-product","3":"status-publish","4":"has-post-thumbnail","6":"product_brand-nomade","7":"product_cat-cat","9":"first","10":"instock","11":"shipping-taxable","12":"purchasable","13":"product-type-simple"},"_links":{"self":[{"href":"https:\/\/perropolis.cl\/index.php\/wp-json\/wp\/v2\/product\/4325","targetHints":{"allow":["GET"]}}],"collection":[{"href":"https:\/\/perropolis.cl\/index.php\/wp-json\/wp\/v2\/product"}],"about":[{"href":"https:\/\/perropolis.cl\/index.php\/wp-json\/wp\/v2\/types\/product"}],"replies":[{"embeddable":true,"href":"https:\/\/perropolis.cl\/index.php\/wp-json\/wp\/v2\/comments?post=4325"}],"wp:featuredmedia":[{"embeddable":true,"href":"https:\/\/perropolis.cl\/index.php\/wp-json\/wp\/v2\/media\/4326"}],"wp:attachment":[{"href":"https:\/\/perropolis.cl\/index.php\/wp-json\/wp\/v2\/media?parent=4325"}],"wp:term":[{"taxonomy":"product_brand","embeddable":true,"href":"https:\/\/perropolis.cl\/index.php\/wp-json\/wp\/v2\/product_brand?post=4325"},{"taxonomy":"product_cat","embeddable":true,"href":"https:\/\/perropolis.cl\/index.php\/wp-json\/wp\/v2\/product_cat?post=4325"},{"taxonomy":"product_tag","embeddable":true,"href":"https:\/\/perropolis.cl\/index.php\/wp-json\/wp\/v2\/product_tag?post=4325"}],"curies":[{"name":"wp","href":"https:\/\/api.w.org\/{rel}","templated":true}]}}